+ 4. What is the units digit of v(0)?
4
Suppose 6*x - 8*x = -28. What is the units digit of x?
4
Suppose -2*a + 23 = -m + 6*m, 0 = 4*m - a - 8. Suppose -m = -f + 7. What is the units digit of f?
0
Let q be 0 - 156 - (-1 - -3). What is the units digit of q/(-14) - (-2)/(-7)?
1
Suppose -n - r = 4, -n - 4*r - 7 = -2*r. Let x be (3/2)/(n/(-2)). Suppose 0*g + 5*g - 5*p = -15, -x*p + 13 = -g. What is the units digit of g?
2
Suppose -2*g + 6 = -38. What is the units digit of g?
2
Let v = 102 + -29. What is the units digit of v?
3
Let m = 116 + -74. What is the tens digit of m?
4
What is the tens digit of (2/4)/(18/3708)?
0
Let c = -7 + 10. Let z(b) = b + 3*b - b**c - 2*b + 16 - 3*b. What is the units digit of z(0)?
6
Let i = -17 - -19. Suppose -6 - i = -3*d + r, 0 = -d - 4*r - 6. What is the units digit of d?
2
Let i = 29 + -20. Let g = -4 + i. What is the units digit of g?
5
Let q be (1 - 6/(-9))*3. Let a = -12 + q. Let s = -4 - a. What is the units digit of s?
3
Suppose 2*w + 4*b - 36 = 0, 4*w - 2*w - 26 = -2*b. What is the units digit of w?
8
Let k = 122 - 84. What is the units digit of k?
8
Suppose -344 = -5*i - 54. Suppose 0 = 5*a + 4*b - 103, -4*a + i = -4*b - 10. What is the tens digit of a?
1
Let p be 1/(-2 - 26/(-14)). What is the tens digit of 12 - (3 - (-3 - p))?
1
Let c be (-21)/(-7) + (-23)/1. Let y = c - -45. What is the units digit of y?
5
Let f be (24/16)/(6/8). Let m be (-1 - -5)*3/f. Let a = m - 1. What is the units digit of a?
5
Let p(u) = -u**2 - 8*u - 2. Let t be p(-7). Suppose 2*x = 17 - t. What is the units digit of x?
6
Let s(d) = d - 2. Let y be s(7). Suppose -68 = -y*a - 3. What is the units digit of a?
3
Let u = 1 + 7. Let h(f) = 2*f + 1. What is the tens digit of h(u)?
1
Suppose 12 = 3*l + l. Suppose 0 = w + 6 - l. Let q = w - -6. What is the units digit of q?
3
Suppose 13 + 99 = 7*j. Let i = 47 - j. What is the tens digit of i?
3
Suppose 3*b = -3*o + 7*b + 101, 4*b = 4. What is the tens digit of o?
3
Suppose 5*y - y = 0. Suppose y = -2*g - g + 12. What is the units digit of g?
4
Suppose 11*u + 10*u - 1617 = 0. What is the tens digit of u?
7
Let f = -10 + 22. Let m be 4/f - 4/(-6). What is the tens digit of -6 - -3 - -20*m?
1
Let n = -379 - -695. What is the units digit of n?
6
Suppose -p = 2*p + 42. Let f = -24 - p. Let z = 3 - f. What is the tens digit of z?
1
Suppose -t + 4*t + 273 = 3*i, 0 = 5*t + 10. What is the tens digit of i?
8
Let q(r) = 30*r. Let f = 5 + -4. Let t be q(f). Suppose -3*k + 28 = k - 2*z, 5*k = 5*z + t. What is the units digit of k?
8
Let z(w) = -2*w + 11. Suppose 3*p - 49 = 8*p + 2*q, -q = -3. What is the tens digit of z(p)?
3
What is the tens digit of 4 + (-27)/6*-2?
1
Suppose -4*w = n - 3, 2*w - 3 = 5*n + 4. Suppose 2*c - 5*p = 3*c - 29, 4*c - 5*p = -9. Let h = c + w. What is the units digit of h?
5
Suppose -6 = -4*h + h. Suppose 6*v - 8*v = -h. What is the units digit of v?
1
Let j(i) = i + 3. What is the units digit of j(1)?
4
What is the tens digit of ((-10)/(-2) + -1)*7?
2
Let y(v) = 2*v - 6. Let l(w) = -w. Let d(s) = -3*s**2 - 4*s - 3. Let r be d(-2). Let z be l(r). What is the units digit of y(z)?
8
Let b(n) = 67*n - 6. What is the tens digit of b(4)?
6
Suppose 9*d = 5*d + 88. What is the units digit of d?
2
Suppose 5*t + 3*v - 19 = 0, -7*v = 2*t - 2*v. Suppose 2*l + l + 15 = -b, t*l + 25 = -5*b. Suppose 0 = -b*w - w + 7. What is the units digit of w?
7
What is the tens digit of (-1)/(-9)*-2 + (-1217)/(-9)?
3
Suppose 2 + 3 = 5*f. Let g(r) = -7*r**2 + r. Let b be g(f). Let a(x) = -x**2 - 8*x - 3. What is the units digit of a(b)?
9
Let x(y) be the first derivative of 1/3*y**3 - 3*y**2 - y + 2. What is the units digit of x(7)?
6
Suppose 4*f = -2*a + 92, 0 = 4*a + 5*f - 2*f - 179. What is the units digit of a?
4
Let r(v) = -2*v**3 - v + 1. Let h be r(1). Let t = 2 + h. Suppose -b = -t*b - 6. What is the units digit of b?
6
Suppose 3*a = -0 + 9. What is the units digit of a?
3
Suppose 5*c - 2*c - 2*g = -274, 0 = g + 1. Let s = -54 - c. What is the tens digit of s?
3
Suppose 20*s - 27*s = -1673. What is the hundreds digit of s?
2
Let i(s) = -s**3 - 4*s**2 - 4*s + 3. What is the tens digit of i(-5)?
4
Let o(l) = l**2 - 4*l + 6. What is the units digit of o(6)?
8
Let m = 65 + -43. What is the units digit of m?
2
Let s be (-1 - 0) + 5 + -1. Suppose 3*m + 6 = 2*c, s*c = -0*c - 2*m + 22. What is the units digit of c?
6
Let p(m) = -2*m**2 - 3*m - 7. Let u be p(-3). What is the tens digit of (u/10)/(2/(-30))?
2
Let b(w) = -w**2 - 6*w - 3. Let m be b(-4). Suppose -m = p, p = 2*u - p - 10. Let f = u - -1. What is the units digit of f?
1
Suppose -4*x + 14 - 6 = 0. Suppose -2 = -h + x. Suppose -24 = -h*c - v, 16 = 5*v - v. What is the units digit of c?
5
Let y = 7 + 31. What is the tens digit of y?
3
Suppose -4*r + 749 = -3*p + 146, -3*r + 2*p + 451 = 0. What is the tens digit of r?
4
Let f(r) = -r**3 + 3*r**2 + r + 2. Let i be f(3). Let j = i - -19. Suppose -6*s + 3*s = -j. What is the units digit of s?
8
Let b = 73 - 30. What is the units digit of b?
3
Let f(d) = -d**3 - d. Let y be f(0). Suppose -4*x + y*n = -2*n - 40, -x = -3*n. Suppose 5*p - 17 = -w, 4*p = -3*w + 2*p + x. What is the units digit of w?
2
Let r(f) be the third derivative of -f**4/2 - 2*f**2. Let i be r(1). What is the units digit of (6/8)/((-1)/i)?
9
Suppose 36 = -2*u + 5*u. Let k = u - 3. What is the units digit of k?
9
Let p = -23 + 54. What is the units digit of p?
1
What is the units digit of (9 - 8)/((-2)/(-82)) - 3?
8
Let s(n) = n**2 + n - 1. Let h be s(-2). What is the units digit of ((-2)/(-4))/(h/12)?
6
Let m = 33 + -22. Suppose 5*d = -m + 51. What is the units digit of d?
8
What is the tens digit of (-2)/(-3) - (-8 - 292/3)?
0
What is the units digit of 0/(-3) - 0 - (6 + -229)?
3
Let s be -2 + (-20)/8*-4. Let b = s + -5. What is the units digit of b?
3
Let m be 32/(-6)*36/(-16). Suppose -m*k + 27 = -11*k. What is the tens digit of k?
2
Let t = 13 - 5. Suppose -4*o + t = -2*o. What is the units digit of o?
4
Suppose 22 + 22 = 2*f. What is the tens digit of 1/(((-10)/f)/(-5))?
1
Suppose -2*m + 9 = 5*d - 0*d, 5*d - 5*m = -5. Let l = 24 - d. What is the units digit of l?
3
Suppose 5*k + 12 = 2*k. Let a = k - -7. What is the units digit of a*2/12*8?
4
Let g(s) = -s**3 - 11*s**2 + 13. What is the tens digit of g(-11)?
1
Let s be (-28)/(-8) - 1/2. Suppose -3*a = 4*y - 2*y + 83, -s*a + y = 71. Let c = -11 - a. What is the tens digit of c?
1
Suppose 2*w + 3 - 9 = 0. Suppose 0 = -w*p + k + 33, -5*k - 45 = -3*p - 0*k. What is the units digit of p?
0
Let d(j) = -j**3 - 9*j**2 + 9*j - 6. Let p be d(-10). Suppose p*r = 16 + 4. Suppose 4 = 3*i - r. What is the units digit of i?
3
Let s = 0 + -2. Let n = 1 - s. Suppose -n*k - 2*k = -40. What is the units digit of k?
8
Suppose -y - 5*j = -3*j - 15, -24 = -2*y - j. What is the units digit of y?
1
Let f(b) = -b + 3. Let p be f(-6). Suppose -k - 2*s = -7*s, 0 = k + 4*s - p. Suppose -k*j + 4*a = -44, -9*j = -4*j + 3*a - 37. What is the units digit of j?
8
Let p(i) = i + 7. Let j be p(-3). Suppose 0 = j*a + q - 15, -4*a + q + 0*q = -9. Suppose -a*y = -19 - 2. What is the units digit of y?
7
Let z(p) = 3 - 2*p + p - 5 + 9. What is the tens digit of z(-7)?
1
Suppose -g + 40 = 4*g. Let x(r) = -r**3 - 12*r**2 - r - 8. Let a be x(-12). What is the units digit of (4 + 0)/(a/g)?
8
Let i = 10 - 15. Let a = 7 + i. Suppose -a = 2*f - 3*f. What is the units digit of f?
2
Let t be (6/15)/(1/5). Suppose -2 = -w - 5*d, 3*d = -w + t*w - 10. What is the units digit of w?
7
Suppose -5*c + 3*c = -70. Let b = c + -18. What is the units digit of b?
7
Let x = -12 - -17. Suppose x*z - 8 = 2. What is the units digit of z?
2
Let y = 1 - -1. Let h = -7 + y. Let n = h - -6. What is the units digit of n?
1
Let f = 195 - 63. What is the hundreds digit of f?
1
Let w = -5 + 6. What is the units digit of w?
1
Let i be (-2)/4 - (-42)/4. What is the units digit of i + 2/(-1 - -3)?
1
Let a = -33 - -55. Suppose 3*q + a = -t, q + t + 11 - 1 = 0. What is the tens digit of (-4)/12 - 62/q?
1
Let c(i) = i**3 - 7*i**2 + 8*i - 4. Let y be c(6). Let x = y - 5. Suppose 9 = -0*r + 5*r - h, -5*r - 7 = x*h. What is the units digit of r?
1
What is the hundreds digit of (72/(-16))/(2/(-60))?
1
Let x(d) = d - 3. Let w be x(5). Let l(k) = 2*k**3